False
Let x = 26 + -5116. Is (x/5)/((-36)/(-21) + -2) a prime number?
False
Suppose 3*c - c - 18 = -2*h, 2*h + 3 = 5*c. Suppose -8*s = -h*s + 8. Is (-2330)/s - 10/(-20) a prime number?
False
Let y(q) = q**3 - 14*q**2 - q - 15. Let u be y(8). Let v = 3906 + u. Is v a composite number?
False
Suppose -5*h + 4*g + 0*g + 625 = 0, 0 = h + g - 134. Let m = 5997 - h. Suppose -m - 2260 = -4*r - 4*k, 0 = -3*r - 2*k + 6093. Is r a composite number?
False
Let r = -8078 - -8088. Let i(a) be the second derivative of a**5/5 - a**4 + 4*a**3 + 9*a**2/2 + a. Is i(r) a composite number?
False
Let o = 48644 + 11565. Is o composite?
False
Let r(f) be the second derivative of 31*f**3/6 + 3*f**2 + 33*f. Let j be r(9). Let u = j - 94. Is u composite?
False
Suppose -4*q + 116376 = 5*w, 142*w = -q + 140*w + 29097. Is q a composite number?
True
Let s be (8 - -1)/((-39)/(-26)). Suppose s*f = 5130 + 15204. Is f a prime number?
True
Let o be 1311*(-23)/(-3) - 3. Suppose -20 = -5*z, 2*z + o = 4*m - 8756. Is m a prime number?
True
Suppose -952 - 247 = 11*i. Let g = i - -308. Is g a prime number?
True
Suppose -3*k + 7*k = 3*g - 13, -3*g + k + 1 = 0. Is 1605 + 48 - (-2 + g + -1) prime?
True
Let a = 82075 + 10744. Is a composite?
True
Let i(l) be the third derivative of 63*l**4/8 - 31*l**3/6 - 9*l**2. Let x be i(7). Suppose -4*z = -0*z - x. Is z a prime number?
False
Suppose 2664182 = 52*a - 6*a. Is a a prime number?
True
Let w be 330/4*(240/(-9) - 4). Let m = w + 5357. Is m a composite number?
True
Suppose -4*s = -8*s + 3372. Let o = 1540 - s. Is o a prime number?
False
Let f = -318 - -312. Let v(z) = -1009*z + 85. Is v(f) composite?
True
Let t = 52 + -39. Suppose t*d = 18*d + 65. Is 2*-1 + (10 - d) a composite number?
True
Let z = -157 - -2204. Suppose z = 6*p - 5*p. Is p a composite number?
True
Let i(x) = x**3 - 6*x**2 + 6*x + 5. Let g be i(5). Suppose -g*v = -14*v. Suppose -2*m + m + 4*f + 521 = v, -2*m + 1062 = -4*f. Is m prime?
True
Let d be (-2 - 0 - -343)*13. Let a be 8/(-4) - 5920/(-4). Is ((-5)/2)/(d/a + -3) a prime number?
False
Suppose 3*f = 2*f - 6. Let g(j) be the first derivative of -7*j**4/4 - 7*j**3/3 - 3*j**2/2 + 7*j - 153. Is g(f) a composite number?
True
Let s(c) = 617*c**2 + 63*c + 15. Is s(7) prime?
True
Let a(q) = 18*q**2 + 18*q - 41. Let v be a(7). Suppose 15*n - v = 2258. Is n a composite number?
True
Let l(z) = -4*z**3 + 74*z**2 + 81*z - 119. Is l(-24) composite?
False
Let b be 1/1*(-10273 + -5 + 17). Let t = 22038 + b. Is t a prime number?
True
Suppose -16 = -4*g, 325*q - g + 1947189 = 330*q. Is q a composite number?
False
Suppose 0 = 5*w + 5*q - 2610, 2*w + 2*w - 5*q = 2052. Is (-121314)/(-14) + (-148)/w a prime number?
False
Let q = -13125 - 47205. Let d = 107077 + q. Is d a composite number?
False
Let m(k) = 3*k**2 + 2*k - 33 + 0*k - 3*k. Let t = 5123 + -5107. Is m(t) prime?
True
Suppose 3*h = 2*y - 700535, -700521 = -2*y + 352*h - 351*h. Is y a prime number?
True
Suppose -17*b = -12*b - 720. Suppose 16 = -r + 4*t, -5*r + 0*t + 4*t - b = 0. Is (-2088)/(-7) + r/112 composite?
True
Suppose 55 - 79 = 3*z. Is (-61004)/(-18) - (z/9)/(-8) a prime number?
True
Suppose 0 = -2*q - 2*p + 129 - 127, 3*q = 3*p + 3. Let z(a) = -a**2 + 3*a - 3. Let s be z(2). Is q*-2246*s/2 a prime number?
True
Suppose 67 = 5*m - 73. Suppose 2*t = -2*t - 4*b + m, -b - 23 = -5*t. Suppose h - t*h = 3*d - 1461, 2*d - 4*h - 994 = 0. Is d a composite number?
False
Let u(f) = -247*f + 4. Let d(q) = 371*q - 6. Let p = 18 + -26. Let x(r) = p*u(r) - 5*d(r). Is x(9) a prime number?
True
Let u be 2/(-8) - 117/156. Is 1/1*(6007/(-1))/u prime?
True
Is 21954405/120 + (-6)/16 composite?
False
Let v(r) = 36 + 2*r + 2 - 10 + 4 - 7 + 43*r**2. Suppose -f + 12 = -2*k, 3*k - 3 = -2*f - 0. Is v(f) prime?
False
Let b(q) = 4*q - 10. Let v be b(3). Let i be (-8)/(v/((-4)/(-2)) - 3). Suppose 3*j = -i*c + 1923, 4*j - 2*c - 2050 - 514 = 0. Is j composite?
False
Let z(a) = -a**2 + 12*a - 13. Let d be z(9). Let w(t) = 39*t**2 + 28*t - 3. Is w(d) a composite number?
True
Let c be 106168/69*(-6)/(-4). Suppose 0 = -208*m + 204*m + c. Is m a prime number?
True
Let p(h) = -13*h**3 + 51*h**2 + 638*h - 9. Is p(-25) a prime number?
True
Let d(j) be the first derivative of j**4/4 - 2*j**3 - 8*j**2 + 116*j + 50. Is d(35) a prime number?
True
Let c(l) = 88*l**2 + 83*l + 46. Is c(-35) a prime number?
False
Suppose 22*w = -999386 + 4788732. Is w a prime number?
True
Let v = 339194 + -144387. Is v composite?
True
Suppose -4*p + 18584 + 12601 = j, 0 = 2*j - 3*p - 62337. Is j prime?
False
Let p be ((-1)/4)/((-5)/20). Is ((-5)/(-5))/p - -15426 composite?
False
Let k be 2612/(-6)*-1 - 3/9. Let r = 956 - k. Is r a composite number?
False
Let b(w) = 25*w**2 + 42*w + 33. Let s(i) = -9*i**2 - 14*i - 11. Let a(o) = 4*b(o) + 11*s(o). Is a(-22) composite?
True
Suppose -z + 2*z - 66 = 2*y, 3*z + 3*y = 171. Suppose 0 = 58*s - z*s - 142. Let k = 778 + s. Is k a prime number?
False
Suppose -9 = 5*c + 1, -5*i + 25 = -5*c. Let d = i - 0. Is (650/(-4) - d)*-6 + -2 prime?
True
Let y(f) = 6*f - 42. Let k(x) = -x. Let t(s) = -3*k(s) + y(s). Let h be t(5). Suppose -6 = -h*c, -5*q + 3*c + 586 + 993 = 0. Is q a composite number?
False
Is ((-1496345)/(-228) - 1/(-12))/1 prime?
True
Let n(z) = z**2 - 6*z - 1. Let g be n(6). Let l be 1754 - (0 + -2 + g). Let v = l - -1202. Is v a prime number?
False
Let d(s) = 150*s**3 + 4*s**2 - 2*s + 4. Let i be d(2). Suppose 0 = -2*y + i - 134. Is y prime?
True
Suppose -36 + 1 = -5*p. Let w be 2/p - (-99)/21. Suppose -5*z + 745 = -n, z + w*n + 745 = 6*z. Is z composite?
False
Let r = 286564 + -126105. Is r prime?
False
Suppose -2*l - 3*k = -31384, 205*l - 62760 = 201*l - 2*k. Is l prime?
False
Suppose -2*h - 3*s + 96 = -114, -4*s + 525 = 5*h. Let d = -278 + h. Let w = 1050 + d. Is w a composite number?
False
Is 214468/20 + 3 - -3 - (-10)/(-25) composite?
False
Suppose -4*k + 4*p + 40 = 0, 8 - 4 = -p. Suppose -2*o - 4*v = -k*v - 12228, -4*v + 30615 = 5*o. Is o composite?
True
Let z be (-390)/(-52)*4/15. Suppose -15 = -3*s + 21. Suppose 3*t - z*d - 663 = 0, -d = 3*d + s. Is t prime?
False
Suppose -3*u = 3*u - 24198. Let f be 38/14 + (-10)/(-35). Suppose -u = -4*n - 3*j, -2*n + 5046 = f*n - j. Is n a prime number?
True
Suppose -171*x + 175*x = -3*j + 123434, -5*x + 154285 = 5*j. Is x prime?
False
Let x(d) = d**3 + 4*d**2 - 8*d + 75. Let j be x(5). Let t = j + -198. Is t prime?
False
Suppose -63*j + 156*j - 4194554 = -89*j. Is j prime?
False
Suppose 5*w - 6 = -2*t + 14, 4*t - 18 = w. Suppose 5*m = t*f + m + 2988, -5*m = -2*f - 1185. Let r = -401 - f. Is r composite?
False
Let r = -24 - -29. Suppose -r*h + 4*t + 12550 = 0, 5*h = -5*t - 4399 + 16994. Suppose 8*b - 5*b = h. Is b composite?
True
Is ((-26136770)/40)/11*-4 prime?
True
Suppose 403*l = 157603940 + 2180456 + 191137123. Is l prime?
True
Let b = 32 + -16. Suppose -11 = 5*u - b*u. Is (-2)/4 - (u + 505/(-2)) a composite number?
False
Let u(q) = 1451*q. Let i be u(12). Let m = i - 6890. Is m prime?
False
Let r(b) = 55456*b**2 + 8*b + 19. Is r(-3) prime?
True
Let z(t) = 166*t**2 - 45*t - 81. Is z(22) a composite number?
False
Let i be (-65)/(-20)*((3 - 0) + 21). Is (i/(-30))/(-13)*5*37 a prime number?
True
Let a be ((-104472)/90)/(4/(-30) + 0). Let c = -4717 + a. Is c composite?
False
Let f(g) = -21*g**3 - g**2 + 2*g + 2. Let m(s) = -s**3 - s**2 - 1. Let q = -3 - -2. Let i(c) = q*m(c) + f(c). Is i(-2) a prime number?
False
Let l be 6/8*4 + 20 + -2. Suppose -3*g + l + 3 = 0. Suppose -g*u + 3*u + 2725 = 0. Is u composite?
True
Let x be (-5)/((-75)/6)*1140/6. Suppose -j - x = -269. Suppose 344 + j = p. Is p a prime number?
False
Suppose -5*b = 4*m - 166 + 7, -5*b = m - 21. Suppose -m*d = -42*d - 8. Is 10/15*(-1 - (-23)/d) a prime number?
True
Let h be 1/9 + (-4374286)/(-18). Is h/88 + 12/(-22) composite?
True
Suppose 845715 - 156039 = 12*a. Is a composite?
True
Suppose -73*j + 24960 = -79*j. Let l = 5847 - j. Is l prime?
True
Let m(g) = -g**2 + 4*g**2 - 4 - 175*g + 175*g. Let k be m(-2). Let o(x) = 52*x + 3. Is o(k) composite?
False
Suppose 0 = 4*a - 10*a - 10*a + 690576. Is a a prime number?
False
Suppose 3*z = -v - 18, -4*v - 5*z - 141 = -55. Is ((-102)/v)/(7/8596) composite?
True
Let v be (224/64)/((-2)/(-4)). Suppose v*a - 1261 - 6068 = 0. Is a composite?
T